 s(-12). Let c = h + 319. Let v = 17 - c. Calculate the greatest common factor of v and 6.
6
Let n(x) = -433*x + 4677. Let m be n(9). Calculate the greatest common factor of m and 96.
12
Let t = 348 - -3040. Calculate the greatest common divisor of 132 and t.
44
Let v be 1/2 + 234/52. Suppose -6*k = v*k - 198. What is the greatest common divisor of k and 36?
18
Let k = 308 - 326. Let i be 330/k*(1 + -4). What is the greatest common factor of 20 and i?
5
Suppose 0 = 2*i + 5*g - 41998, 0 = -2*i + 4*g + 26537 + 15479. Suppose -i = -50*n - 6604. Calculate the highest common factor of n and 18.
18
Suppose 3*t + 54 = -n - 2*t, -4*t + 386 = -5*n. Let p be n/(-1) + 0/(-4). Let b = -175 + 286. Calculate the greatest common factor of b and p.
37
Let y(l) = -3*l + 47. Let u be y(14). Suppose -u*w - 111 = -4*m, 0 = -10*m + 14*m - 2*w - 102. Calculate the highest common factor of 168 and m.
24
Let s be (3/(-2))/((-15)/60). Suppose -3*l = d - 24, -2*d - s + 24 = -4*l. What is the greatest common factor of d and 120?
15
Let u = -4450 + 4666. Calculate the highest common divisor of 513 and u.
27
Suppose -5*a - 1420 = 5*a. Let w be 3*2/54 - a/18. Let o(j) = 3*j**2 - 6*j - 5. Let s be o(5). Calculate the greatest common factor of s and w.
8
Let b be 5/(-2*1/(-10)). Let j(z) = 19*z**2 - 944*z - 200. Let c be j(50). What is the greatest common divisor of c and b?
25
Let h be (-25)/(-10) + 18/(-4). Let l be ((-1148)/h)/(3/(-27)*-6). Calculate the greatest common divisor of l and 21.
21
Let j(y) = 10*y + 13 + 17*y - 3. Let z be j(3). Let x = 146 + -139. What is the greatest common factor of x and z?
7
Let h = 45 + 95. Let b = -146 - -457. Let k = b + -283. What is the greatest common divisor of h and k?
28
Let p be (-4)/(-18) - (-54986)/342. Let y = p - 158. Calculate the greatest common factor of 2 and y.
1
Let s be (344/(-20))/(5 + ((-153)/(-10))/(-3)). Calculate the greatest common divisor of s and 3698.
86
Let l(v) = -68*v**3 + 11*v**2 + v - 40. Let x be l(-3). Calculate the greatest common divisor of x and 688.
172
Let p = 18378 + 12128. Calculate the greatest common divisor of 14 and p.
14
Let y be 42/4 + (-1)/(-2). Suppose -3*v - 2*x + 19 = 0, v - 5 = -2*x + 4. Suppose 292 = -v*k + 897. Calculate the highest common divisor of y and k.
11
Let m = 29 - 27. Suppose -3*x - x = -q - 98, 0 = 4*x - m*q - 100. Suppose -19*r - 80 = -x*r. What is the highest common factor of r and 2?
2
Suppose 3*n = 71 - 191. Let k be (256/5)/(n/(-500)). Calculate the greatest common divisor of k and 80.
80
Let y be 2/9 + (-44)/36. Let q = 0 - y. Suppose 323*u + 475 = 418*u. Calculate the highest common factor of q and u.
1
Let c be 690 + (-2 + 2)/(3 - 4). Calculate the greatest common factor of 276 and c.
138
Let m be 1002*6 + (-135)/(-27). What is the highest common divisor of 66 and m?
11
Let g(v) = v**3 - 12*v**2 + 19*v - 20. Let m be g(13). Let h = m - 280. Calculate the highest common factor of 58 and h.
58
Let g = 31964 + 4144. What is the highest common divisor of 153 and g?
153
Suppose -2*c + g = -865, 8*c + 2*g = 5*c + 1294. Let b be 9/6*4*c/3. Let z be 1/(-5) + (-3 - b/(-20)). What is the highest common factor of 40 and z?
40
Let k = 76 + -69. Let w(g) = 25*g + 5 - 35*g - 8*g - 39*g. Let a be w(-2). Calculate the highest common divisor of a and k.
7
Suppose 0 = -23*k - 54048 + 54186. What is the highest common factor of k and 5142?
6
Let x = 3967 + -2556. What is the greatest common factor of x and 664?
83
Let n(c) = -5*c**2 + 5*c + 2*c**2 + 10 - c + 16*c**2. Let w be n(-3). What is the highest common factor of 23 and w?
23
Let x(k) = -32*k + 2. Suppose 4*y - v + 3 = 0, -5*y + 3*v = v + 3. Let i be x(y). Suppose m = -m + i. What is the highest common factor of 34 and m?
17
Let x be 2/((-2)/5)*-10. Suppose 2*n - x = -3*n. Suppose 4*i = 2*i + 2*w + 60, 5*w = n. What is the highest common factor of 8 and i?
8
Let h be 1/(-2)*-4 - 4. Let j be ((-1)/(-2))/(2/152*h). Let s = 71 - j. What is the highest common factor of 36 and s?
18
Let y be 566/3 + (-1218)/261. Calculate the greatest common factor of y and 3956.
92
Let t(d) = -d + 138. Let w be t(0). Suppose 101*i = -74*i + 12075. Calculate the greatest common factor of w and i.
69
Let d = 1201 - 599. Suppose 2*q + 730 = 7*q + 2*s, -4*q + 2*s = -d. Suppose 0*r = -4*r - 12, -5*g + r + q = 0. What is the highest common divisor of 232 and g?
29
Let t = 125 - 55. Let c = t - 69. Let x(l) = -l**3 + 6*l**2 - 2*l - 2. Let s be x(5). What is the highest common factor of s and c?
1
Let y(f) = 2*f**2 + 11*f - 1911. Let l be y(-34). Calculate the greatest common factor of l and 381.
3
Let i = 18287 - 18161. Calculate the greatest common factor of 1022 and i.
14
Let r(f) = 82*f + 85. Let h be r(4). Calculate the greatest common divisor of 2773 and h.
59
Let h = 57 - 49. Suppose -3*x + h*x = -20. Let a be (-14)/(x + 3) + 3 + -2. Calculate the highest common factor of 165 and a.
15
Suppose -11*h + 75 = 4*h. Suppose 0 = -d - 3*v - h, d - 3*v + 0 = 25. Calculate the greatest common factor of 170 and d.
10
Let p be -12 + 13 + 2*1 + 1149. Calculate the highest common divisor of p and 72.
72
Let p = 477 - -158. Suppose -4*r + p = 5*i + r, -2 = 2*r. Suppose 5*w = 5*o - 60, 0*w - 8 = -2*w. What is the highest common divisor of o and i?
16
Let j be 1 + ((-9)/((-9)/(-4)))/(-2). Suppose j*p = -5*n + 31 + 1, 0 = -3*p - 4*n + 34. Calculate the greatest common factor of 14 and p.
14
Let t be ((-3)/4)/((-156)/208). Let n be ((-9)/(-3))/((-2)/(-18)). Calculate the greatest common factor of n and t.
1
Let h be 9/15 - 1 - 1516026/(-890). What is the greatest common factor of 13 and h?
13
Let z = -1526 + 1711. What is the highest common factor of z and 4?
1
Suppose -137 = -3*v + 58. Let j be (-43616)/(-96) + 6/9. Calculate the greatest common divisor of v and j.
65
Suppose m = 0, 8*q + 2*m = 3*q + 10. Suppose 2*y = -v + 1161, -q*y + 50*v = 53*v - 1159. Calculate the highest common factor of 83 and y.
83
Let p(v) = -v**2 - 22*v - 30. Let c be p(-16). Suppose -7*m = -9*m + 462. What is the highest common divisor of m and c?
33
Suppose -107*o = 82*o - 1116312 - 108030. Calculate the highest common factor of 82 and o.
82
Suppose -3*s - 15 = -5*q + 2*s, -9 = -5*q - s. Suppose -3*i = -q*h - 232, 5*i - 2*i - 244 = -h. Calculate the greatest common factor of 32 and i.
16
Let n be 67/1072 + (-10317)/(-48). Calculate the greatest common divisor of n and 301.
43
Suppose -27*w = -89 - 127. Let d(p) = 2*p**3 - 8*p**2 - 38*p + 17. Let l be d(w). Calculate the greatest common divisor of 50 and l.
25
Let m(p) = -2*p**2 - 18*p - 32. Let x be m(-6). Let j = 17 - x. Calculate the greatest common factor of j and 364.
13
Let c be 1918*(3/6)/(-1). Let n = c + 987. What is the greatest common divisor of n and 364?
28
Suppose 29354 = -5*q + 7*q - 3*o, 0 = -4*q - 3*o + 58690. What is the highest common divisor of 23 and q?
23
Let d = 13985 - 13973. What is the greatest common factor of 956 and d?
4
Let c = -583 + 695. Let g be (c/(-21))/4*-372. What is the highest common factor of 31 and g?
31
Let p be 0/(-1 - -4) + 265. Let h = p - 139. Suppose -11*m + 12*m = 14. Calculate the greatest common divisor of m and h.
14
Let r(y) = y + 56. Suppose -2*q - 6*z + z = -27, -5*z - 15 = -5*q. Suppose 12 = -2*d - q. Let k be r(d). Calculate the highest common divisor of 423 and k.
47
Let v(d) = -4*d**3 + 4*d**2 + 10*d + 26. Let b be v(-4). Let q = b - 277. What is the greatest common divisor of 551 and q?
29
Let a(t) = t**2 + 24*t + 28. Let c be a(-22). Let m = 21 + c. Let r(l) = -5*l - 25. Let h be r(-14). What is the greatest common factor of m and h?
5
Let g = 820 + -798. Let i(z) = z**3 - 21*z**2 - 19*z - 28. Let f be i(g). Calculate the greatest common divisor of 266 and f.
38
Suppose o - s - 30 = 2, -4*o = -s - 122. Suppose -36*l + 14*l + 528 = 0. Calculate the greatest common divisor of o and l.
6
Suppose 0 = -48*g + 46*g - 6. Let v be (-1 - -1) + (-81)/g. Let n be ((-3)/4)/((-2)/48). Calculate the highest common factor of v and n.
9
Let z be (-57)/95 - (-46878)/30. Calculate the highest common factor of 22 and z.
22
Suppose 40*k - 336 - 497 = 287. What is the greatest common divisor of k and 476?
28
Let n(b) = b**2 - 48*b - 3022. Let s be n(85). Calculate the highest common divisor of